{"id":208,"date":"2022-09-06T10:20:20","date_gmt":"2022-09-06T01:20:20","guid":{"rendered":"https:\/\/www.renaissancejapan.org\/magic\/?page_id=208"},"modified":"2024-09-16T07:25:33","modified_gmt":"2024-09-15T22:25:33","slug":"hiro-hirai","status":"publish","type":"page","link":"https:\/\/www.renaissancejapan.org\/magic\/hiro-hirai\/","title":{"rendered":"Hiro Hirai"},"content":{"rendered":"\n<p>Associate Professor, Center for Global Advanced Studies, University of Tokyo<br>Renaissance Alchemy, Medicine and Natural Philosophy<br><a href=\"https:\/\/columbia.academia.edu\/HiroHirai\">https:\/\/columbia.academia.edu\/HiroHirai<\/a><\/p>\n\n\n\n<ul class=\"wp-block-list\">\n<li>with Didier Kahn (eds.), <em>Pseudo-Paracelsus: Forgery and Early Modern Alchemy, Medicine and Natural Philosophy<\/em> (Leiden: Brill, 2022).<\/li>\n\n\n\n<li><em>Medical Humanism and Natural Philosophy<\/em> (Leiden: Brill, 2011).<\/li>\n\n\n\n<li><em>Le concept de semences dans les th\u00e9ories de la mati\u00e8re \u00e0 la Renaissance, de Marsile Ficin \u00e0 Pierre Gassendi<\/em> (Turnhout: Brepols, 2005).<\/li>\n<\/ul>\n\n\n\n<p><strong>\u30d2\u30ed\u30fb\u30d2\u30e9\u30a4<\/strong> <\/p>\n\n\n\n<p>\u30eb\u30cd\u30b5\u30f3\u30b9\u5b66\u30fb\u79d1\u5b66\u53f2\u3002\u5b66\u8853\u30a6\u30a7\u30d6\u30b5\u30a4\u30c8 bibliotheca hermetica\uff08\u7565\u79f0BH\uff09\u4e3b\u5bb0\u3002\u30b3\u30ed\u30f3\u30d3\u30a2\u5927\u5b66\u30fb\u79d1\u5b66\u793e\u4f1a\u7814\u7a76\u6240\u30ea\u30b5\u30fc\u30c1\u30fb\u30a2\u30bd\u30b7\u30a8\u30a4\u30c8\u3002\u5171\u7de8\u8457\u306b \u300e\u30df\u30af\u30ed\u30b3\u30b9\u30e2\u30b9\u300f\uff08\u6708\u66dc\u793e\u30012010\u5e74\uff09\u3001\u300e\u77e5\u306e\u30df\u30af\u30ed\u30b3\u30b9\u30e2\u30b9\u300f\uff08\u4e2d\u592e\u516c\u8ad6\u65b0\u793e\u30012014\u5e74\uff09\u3001\u300e\u30eb\u30cd\u30b5\u30f3\u30b9\u30fb\u30d0\u30ed\u30c3\u30af\u306e\u30d6\u30c3\u30af\u30ac\u30a4\u30c9\u300f\uff08\u5de5\u4f5c\u820e\u30012019\u5e74\uff09\u306a\u3069\u3002\u7b2c\u4e5d\u56de\u65e5\u672c\u5b66\u8853\u632f\u8208\u4f1a\u8cde\u53d7\u8cde\uff082012\u5e74\uff09<\/p>\n","protected":false},"excerpt":{"rendered":"<p>Associate Professor, Center for Global Advanced Studies, University of TokyoRenaissance Alchemy, Medicine and Natural Philosophyhttps:\/\/columbia.academia.edu\/HiroHirai \u30d2\u30ed\u30fb\u30d2\u30e9\u30a4 \u30eb\u30cd\u30b5\u30f3\u30b9\u5b66\u30fb\u79d1\u5b66\u53f2\u3002\u5b66\u8853\u30a6\u30a7\u30d6\u30b5\u30a4\u30c8 bibliotheca hermetica\uff08\u7565\u79f0BH\uff09\u4e3b\u5bb0\u3002\u30b3\u30ed\u30f3\u30d3\u30a2\u5927\u5b66\u30fb\u79d1\u5b66\u793e\u4f1a\u7814\u7a76\u6240\u30ea\u30b5\u30fc\u30c1\u30fb\u30a2\u30bd\u30b7\u30a8\u30a4\u30c8\u3002\u5171\u7de8\u8457\u306b \u300e\u30df\u30af\u30ed\u30b3\u30b9\u30e2\u30b9\u300f\uff08\u6708\u66dc\u793e\u30012010\u5e74\uff09\u3001\u300e\u77e5\u306e\u30df\u30af\u30ed\u30b3\u30b9\u30e2\u30b9\u300f\uff08\u4e2d\u592e\u516c\u8ad6\u65b0\u793e\u30012014\u5e74\uff09\u3001\u300e\u30eb\u30cd\u30b5\u30f3\u30b9\u30fb\u30d0\u30ed\u30c3\u30af\u306e\u30d6\u30c3\u30af\u30ac\u30a4\u30c9\u300f\uff08\u5de5\u4f5c\u820e\u30012019\u5e74\uff09\u306a\u3069\u3002\u7b2c\u4e5d\u56de\u65e5\u672c\u5b66\u8853\u632f\u8208\u4f1a\u8cde\u53d7\u8cde\uff082012\u5e74\uff09<\/p>\n","protected":false},"author":1,"featured_media":0,"parent":0,"menu_order":0,"comment_status":"closed","ping_status":"closed","template":"","meta":{"_monsterinsights_skip_tracking":false,"_monsterinsights_sitenote_active":false,"_monsterinsights_sitenote_note":"","_monsterinsights_sitenote_category":0,"footnotes":""},"class_list":["post-208","page","type-page","status-publish","hentry"],"featured_media_urls":[],"_links":{"self":[{"href":"https:\/\/www.renaissancejapan.org\/magic\/wp-json\/wp\/v2\/pages\/208","targetHints":{"allow":["GET"]}}],"collection":[{"href":"https:\/\/www.renaissancejapan.org\/magic\/wp-json\/wp\/v2\/pages"}],"about":[{"href":"https:\/\/www.renaissancejapan.org\/magic\/wp-json\/wp\/v2\/types\/page"}],"author":[{"embeddable":true,"href":"https:\/\/www.renaissancejapan.org\/magic\/wp-json\/wp\/v2\/users\/1"}],"replies":[{"embeddable":true,"href":"https:\/\/www.renaissancejapan.org\/magic\/wp-json\/wp\/v2\/comments?post=208"}],"version-history":[{"count":4,"href":"https:\/\/www.renaissancejapan.org\/magic\/wp-json\/wp\/v2\/pages\/208\/revisions"}],"predecessor-version":[{"id":235,"href":"https:\/\/www.renaissancejapan.org\/magic\/wp-json\/wp\/v2\/pages\/208\/revisions\/235"}],"wp:attachment":[{"href":"https:\/\/www.renaissancejapan.org\/magic\/wp-json\/wp\/v2\/media?parent=208"}],"curies":[{"name":"wp","href":"https:\/\/api.w.org\/{rel}","templated":true}]}}